or of 11122 and 469.
67
What is the highest common divisor of 798511 and 7?
7
Calculate the highest common factor of 5013 and 670071.
1671
What is the highest common factor of 75 and 3187005?
15
Calculate the highest common factor of 5680 and 9585.
355
Calculate the greatest common divisor of 4527 and 213.
3
What is the highest common divisor of 1 and 18758?
1
What is the highest common factor of 37855 and 215405?
335
Calculate the highest common factor of 351 and 703755.
351
Calculate the greatest common divisor of 518 and 1850.
74
Calculate the highest common divisor of 124015 and 85.
85
What is the greatest common divisor of 160 and 383260?
20
What is the highest common divisor of 2766 and 15069168?
2766
Calculate the greatest common factor of 37855 and 335.
335
Calculate the greatest common divisor of 658 and 1221577.
329
Calculate the highest common factor of 1748 and 23552.
92
What is the highest common divisor of 11880 and 7986?
66
Calculate the greatest common factor of 226 and 49494.
226
What is the greatest common factor of 7 and 90496?
7
Calculate the greatest common factor of 19437885 and 153.
153
Calculate the greatest common factor of 231 and 329076.
33
What is the highest common divisor of 326 and 37327?
163
Calculate the greatest common divisor of 505 and 9505.
5
What is the greatest common divisor of 3 and 50397?
3
What is the highest common divisor of 65436 and 1148?
1148
What is the highest common divisor of 76019 and 19?
19
Calculate the highest common divisor of 448 and 74592.
224
Calculate the greatest common divisor of 67584 and 3264.
192
What is the highest common factor of 135 and 175905?
135
Calculate the highest common divisor of 111239 and 2768.
173
What is the greatest common divisor of 168305 and 2665?
205
Calculate the highest common divisor of 440415 and 2385.
45
What is the greatest common divisor of 148 and 44770?
74
Calculate the highest common divisor of 1281 and 793366.
427
What is the greatest common divisor of 5744 and 284?
4
Calculate the highest common divisor of 3634 and 2.
2
What is the greatest common factor of 15 and 51770?
5
What is the greatest common factor of 730 and 113077?
73
Calculate the greatest common factor of 146 and 5922344.
146
What is the highest common divisor of 1512 and 691992?
504
Calculate the greatest common factor of 34967 and 2555.
73
What is the greatest common factor of 10856 and 8732?
236
What is the highest common factor of 4 and 16374?
2
What is the highest common factor of 1584 and 93984?
528
What is the highest common factor of 1560 and 95472?
312
Calculate the greatest common divisor of 44968 and 6776.
616
What is the highest common factor of 3408 and 2136?
24
Calculate the greatest common divisor of 34356 and 82068.
84
What is the highest common divisor of 39281 and 44?
11
Calculate the greatest common divisor of 1441 and 3751.
11
Calculate the greatest common divisor of 36 and 5850.
18
Calculate the highest common divisor of 16 and 4696936.
8
What is the highest common divisor of 4140 and 484?
4
What is the highest common factor of 11616 and 20736?
96
Calculate the greatest common divisor of 1699235 and 136.
17
Calculate the greatest common factor of 32428 and 1139.
67
Calculate the greatest common divisor of 182 and 29029546.
182
What is the highest common divisor of 1216 and 874?
38
Calculate the highest common factor of 959 and 280.
7
Calculate the greatest common divisor of 81921 and 7379.
47
Calculate the greatest common divisor of 207 and 36.
9
What is the greatest common factor of 4771 and 5213?
13
Calculate the highest common divisor of 115568 and 372.
124
What is the highest common divisor of 14 and 735406?
14
Calculate the greatest common divisor of 5497 and 8947.
23
What is the greatest common factor of 14192 and 6928?
16
Calculate the highest common divisor of 2425 and 75.
25
What is the greatest common factor of 1794 and 2806?
46
What is the greatest common divisor of 295 and 119416?
59
What is the highest common factor of 55 and 682275?
55
Calculate the greatest common divisor of 40 and 273320.
40
What is the greatest common factor of 20306 and 286?
286
What is the greatest common divisor of 20 and 4504?
4
Calculate the greatest common divisor of 64 and 5312.
64
What is the highest common divisor of 2584 and 719644?
1292
What is the greatest common factor of 1169 and 20541?
167
What is the greatest common divisor of 172 and 1591?
43
Calculate the highest common factor of 399 and 37590.
21
Calculate the greatest common factor of 39776 and 181478.
2486
What is the greatest common divisor of 62 and 80228?
62
Calculate the greatest common divisor of 104442 and 806.
26
What is the greatest common factor of 90253 and 323?
17
What is the greatest common factor of 232707 and 12?
3
Calculate the highest common factor of 388907 and 111.
37
What is the greatest common divisor of 1224 and 35190?
306
Calculate the greatest common factor of 5309400 and 450.
150
What is the greatest common factor of 50 and 97550?
50
What is the greatest common factor of 8635 and 277105?
785
Calculate the greatest common divisor of 53039 and 175.
7
Calculate the highest common divisor of 75348 and 1863.
207
Calculate the greatest common divisor of 532312 and 352.
88
What is the greatest common factor of 4577 and 99301?
199
Calculate the highest common divisor of 73 and 25404657.
73
Calculate the highest common factor of 33442 and 2944.
46
Calculate the highest common factor of 127500 and 408.
204
What is the greatest common factor of 647172 and 72?
36
Calculate the greatest common divisor of 119379 and 312.
39
Calculate the highest common factor of 3081 and 19197.
237
Calculate the highest common divisor of 2406 and 6.
6
Calculate the highest common divisor of 174 and 648933.
87
What is the greatest common factor of 15 and 1420?
5
What is the highest common divisor of 874713 and 138?
69
Calculate the highest common factor of 22974 and 42.
42
Calculate the greatest common factor of 18784 and 32.
32
Calculate the greatest common factor of 1633 and 5893.
71
What is the greatest common factor of 1228 and 403091?
307
Calculate the greatest common factor of 733495 and 7980.
665
Calculate the highest common factor of 21666 and 1173.
69
Calculate the greatest common factor of 1027 and 28873.
13
Calculate the highest common factor of 17809 and 121.
11
Calculate the greatest common divisor of 1979 and 8226703.
1979
What is the highest common factor of 427 and 717787?
427
Calculate the highest common divisor of 570765 and 156.
39
Calculate the greatest common factor of 1218785 and 1730.
865
What is the highest common divisor of 41 and 87248?
41
Calculate the greatest common divisor of 60 and 115620.
60
What is the greatest common divisor of 3944 and 238?
34
What is the highest common factor of 108 and 233508?
12
Calculate the greatest common factor of 136921 and 269.
269
Calculate the greatest common factor of 636 and 4076.
4
What is the greatest common factor of 707652 and 7128?
396
Calculate the greatest common factor of 93143 and 17.
17
Calculate the greatest common factor of 19 and 89927.
19
Calculate the greatest common factor of 85 and 1074995.
85
Calculate the greatest common factor of 779 and 2870.
41
What is the highest common divisor of 4436 and 12?
4
Calculate the greatest common factor of 17632 and 192.
32
What is the highest common factor of 317228 and 284?
284
What is the highest common factor of 3566065 and 1165?
1165
What is the greatest common divisor of 11289 and 424?
53
Calculate the greatest common divisor of 2664 and 36334.
74
Calculate the highest common factor of 20776 and 180712.
392
What is the highest common factor of 10824 and 6150?
246
What is the greatest common divisor of 196 and 512?
4
What is the highest common divisor of 102 and 8314734?
102
What is the highest common divisor of 12701 and 65?
13
Calculate the greatest common factor of 57 and 193.
1
What is the highest common divisor of 552456 and 360?
72
Calculate the highest common divisor of 14678 and 1253.
179
Calculate the highest common divisor of 579350 and 1450.
50
Calculate the greatest common factor of 52995 and 30.
15
What is the highest common factor of 14073 and 33?
3
What is the highest common di